{"id":35,"date":"2021-03-19T18:23:54","date_gmt":"2021-03-19T17:23:54","guid":{"rendered":"https:\/\/new.cvlh14.fr\/?page_id=35"},"modified":"2025-08-21T09:03:25","modified_gmt":"2025-08-21T07:03:25","slug":"club","status":"publish","type":"page","link":"https:\/\/cvlh14.fr\/?page_id=35","title":{"rendered":"CLUB"},"content":{"rendered":"\n<p class=\"has-text-align-center\"><strong>Nous serons pr\u00e9sents au forum des associations d&rsquo;Hermanville sur Mer<\/strong><br><strong>le Samedi 6 Septembre 2025 \u00e0 partir de 14h00 dans le parc de la mairie.<\/strong><\/p>\n\n\n\n<h3 class=\"wp-block-heading\">Une pratique r\u00e9guli\u00e8re toute l&rsquo;ann\u00e9e !<\/h3>\n\n\n\n<p>Nous proposons nos<strong> <a href=\"https:\/\/cvlh14.fr\/\">activit\u00e9s<\/a> <\/strong>en <strong>initiation, perfectionnement ou comp\u00e9tition<\/strong> toute l\u2019ann\u00e9e.<\/p>\n\n\n\n<p>Votre adh\u00e9sion au club vous offre la possibilit\u00e9 de <strong>pratiquer toutes nos activit\u00e9s<\/strong> selon un planning : les mercredis, samedis, dimanches, jours f\u00e9ri\u00e9s et vacances scolaires (zone B) hors vacances estivales&nbsp;:<\/p>\n\n\n\n<p>&#8211; char \u00e0 voile<\/p>\n\n\n\n<p>&#8211; catamaran<\/p>\n\n\n\n<p>&#8211; paddle<\/p>\n\n\n\n<p>&#8211; kayak<\/p>\n\n\n\n<p>&#8211; milieu marin<\/p>\n\n\n\n<p>&#8211; cerf-volant<\/p>\n\n\n\n<p>Nos activit\u00e9s sont soumises aux variables m\u00e9t\u00e9orologiques.<br>Inscription pr\u00e9alable par mail ou sur place pour obtenir vos identifiants et les modalit\u00e9s de r\u00e9servation de vos activit\u00e9s.<br>Les abonnements sont \u00e9volutifs sur l\u2019ann\u00e9e sportive.<br>Le jour venu, l\u2019activit\u00e9 de votre choix pourra \u00eatre remplac\u00e9e par une autre activit\u00e9 ou de la th\u00e9orie en fonction des conditions m\u00e9t\u00e9orologiques.<\/p>\n\n\n\n<p>Licence f\u00e9d\u00e9rale obligatoire si vous souhaitez acc\u00e9der \u00e0 la comp\u00e9tition.<\/p>\n\n\n\n<p><strong>Le CVLH est un lieu de vie convivial o\u00f9 se m\u00ealent passion et entraide entre toutes les g\u00e9n\u00e9rations.<\/strong><\/p>\n\n\n\n<p>T\u00e9l\u00e9chargez : <a href=\"https:\/\/cvlh14.fr\/wp-content\/uploads\/2025\/08\/pub-club-2025-2026.pdf\">Formule Club 2025-2026<\/a><\/p>\n\n\n\n<p class=\"has-text-align-center\"><strong>Tarifs club 2025-2026<\/strong><\/p>\n\n\n\n<figure class=\"wp-block-table is-style-stripes\"><table><tbody><tr><td>Adh\u00e9sion annuelle (obligatoire)<\/td><td>10 \u20ac<\/td><\/tr><tr><td>Abonnement 10 s\u00e9ances<\/td><td>200 \u20ac<\/td><\/tr><tr><td>Abonnement 20 s\u00e9ances<\/td><td>300 \u20ac<\/td><\/tr><tr><td>Abonnement 30 s\u00e9ances<\/td><td>360 \u20ac<\/td><\/tr><\/tbody><\/table><figcaption class=\"wp-element-caption\">Licence enseignement comprise<\/figcaption><\/figure>\n\n\n\n<p class=\"has-text-align-center\"><strong>Tarifs licences 2025\/2026 (obligatoire pour une pratique loisir\/comp\u00e9tition)<\/strong><\/p>\n\n\n\n<figure class=\"wp-block-table is-style-stripes\"><table><tbody><tr><td><\/td><td><a href=\"http:\/\/www.ffcv.org\/licences-ffcv-assurance\/55873\/\" target=\"_blank\" rel=\"noreferrer noopener\"><strong>FFCV<\/strong><\/a><strong> <\/strong><strong>(char \u00e0 voile)<\/strong><\/td><td><a href=\"http:\/\/www.ffvoile.fr\/ffv\/web\/services\/licences\/prix.asp\" target=\"_blank\" rel=\"noreferrer noopener\"><strong>FFV<\/strong><\/a><strong> (voile)<\/strong>2026<\/td><td><\/td><\/tr><tr><td>Comp\u00e9tition adulte<\/td><td>59 \u20ac<\/td><td>72 \u20ac<\/td><td><\/td><\/tr><tr><td>Comp\u00e9tition jeune<\/td><td>25 \u20ac<\/td><td>33 \u20ac<\/td><td><\/td><\/tr><\/tbody><\/table><\/figure>\n\n\n\n<p class=\"has-black-color has-text-color\"><strong>N\u2019h\u00e9sitez pas \u00e0 nous <a href=\"https:\/\/cvlh14.fr\/?page_id=34\">contacter <\/a>pour toute information compl\u00e9mentaire.<\/strong><\/p>\n\n\n\n<p><a href=\"https:\/\/docs.google.com\/document\/d\/1Xe31ImBmuMMrmLNUxN6Uf0kFzXJM-knp72Wc9ZrdzH0\/edit\">Acc\u00e9der au planning club<\/a><br><a href=\"https:\/\/docs.google.com\/document\/d\/1Nef9h_4dLvY2K-MWeTOZjpxFT-VMMGEM9zn879TR0o4\/edit?usp=sharing\">Acc\u00e9der \u00e0 l&rsquo;aide pour pouvoir s&rsquo;inscrire<\/a><\/p>\n\n\n\n<p>N&rsquo;oubliez pas de rejoindre la communaut\u00e9 <a href=\"https:\/\/chat.whatsapp.com\/KzMHoNL7h008ihFawgREa6\">WhatsApp<\/a> du CVLH, pour avoir les notification concernant les \u00e9v\u00e8nements du club ainsi que les modifications ou annulations des activit\u00e9s club.<\/p>\n\n\n\n<figure class=\"wp-block-image size-full is-resized\"><img loading=\"lazy\" decoding=\"async\" width=\"498\" height=\"492\" src=\"https:\/\/cvlh14.fr\/wp-content\/uploads\/2024\/01\/Screenshot_20240127_113621_WhatsApp-1.jpg\" alt=\"\" class=\"wp-image-1311\" style=\"width:117px;height:auto\" srcset=\"https:\/\/cvlh14.fr\/wp-content\/uploads\/2024\/01\/Screenshot_20240127_113621_WhatsApp-1.jpg 498w, https:\/\/cvlh14.fr\/wp-content\/uploads\/2024\/01\/Screenshot_20240127_113621_WhatsApp-1-300x296.jpg 300w\" sizes=\"auto, (max-width: 498px) 100vw, 498px\" \/><\/figure>\n\n\n\n<p>T\u00e9l\u00e9chargez au format PDF : <a href=\"https:\/\/cvlh14.fr\/wp-content\/uploads\/2024\/02\/EQUIPEMENTS-A-PREVOIRE.png\" target=\"_blank\" rel=\"noreferrer noopener\">Equipements a pr\u00e9voir<\/a><\/p>\n","protected":false},"excerpt":{"rendered":"<p>Nous serons pr\u00e9sents au forum des associations d&rsquo;Hermanville sur Merle Samedi 6 Septembre 2025 \u00e0 partir de 14h00 dans le parc de la mairie. Une pratique r\u00e9guli\u00e8re toute l&rsquo;ann\u00e9e ! Nous proposons nos activit\u00e9s en initiation, perfectionnement ou comp\u00e9tition toute l\u2019ann\u00e9e. Votre adh\u00e9sion au club vous offre la possibilit\u00e9 de [&hellip;]<\/p>\n","protected":false},"author":1,"featured_media":0,"parent":0,"menu_order":0,"comment_status":"closed","ping_status":"closed","template":"","meta":{"_monsterinsights_skip_tracking":false,"_monsterinsights_sitenote_active":false,"_monsterinsights_sitenote_note":"","_monsterinsights_sitenote_category":0,"footnotes":""},"class_list":["post-35","page","type-page","status-publish","hentry"],"yoast_head":"<!-- This site is optimized with the Yoast SEO plugin v27.4 - https:\/\/yoast.com\/product\/yoast-seo-wordpress\/ -->\n<title>CLUB - C.V.L.H.<\/title>\n<meta name=\"robots\" content=\"index, follow, max-snippet:-1, max-image-preview:large, max-video-preview:-1\" \/>\n<link rel=\"canonical\" href=\"https:\/\/cvlh14.fr\/?page_id=35\" \/>\n<meta property=\"og:locale\" content=\"fr_FR\" \/>\n<meta property=\"og:type\" content=\"article\" \/>\n<meta property=\"og:title\" content=\"CLUB - C.V.L.H.\" \/>\n<meta property=\"og:description\" content=\"Nous serons pr\u00e9sents au forum des associations d&rsquo;Hermanville sur Merle Samedi 6 Septembre 2025 \u00e0 partir de 14h00 dans le parc de la mairie. Une pratique r\u00e9guli\u00e8re toute l&rsquo;ann\u00e9e ! Nous proposons nos activit\u00e9s en initiation, perfectionnement ou comp\u00e9tition toute l\u2019ann\u00e9e. Votre adh\u00e9sion au club vous offre la possibilit\u00e9 de [&hellip;]\" \/>\n<meta property=\"og:url\" content=\"https:\/\/cvlh14.fr\/?page_id=35\" \/>\n<meta property=\"og:site_name\" content=\"C.V.L.H.\" \/>\n<meta property=\"article:publisher\" content=\"https:\/\/www.facebook.com\/Club-de-Voile-et-Loisirs-dHermanville-sur-mer-217503885002723\/\" \/>\n<meta property=\"article:modified_time\" content=\"2025-08-21T07:03:25+00:00\" \/>\n<meta property=\"og:image\" content=\"https:\/\/cvlh14.fr\/wp-content\/uploads\/2024\/01\/Screenshot_20240127_113621_WhatsApp-1.jpg\" \/>\n\t<meta property=\"og:image:width\" content=\"498\" \/>\n\t<meta property=\"og:image:height\" content=\"492\" \/>\n\t<meta property=\"og:image:type\" content=\"image\/jpeg\" \/>\n<meta name=\"twitter:card\" content=\"summary_large_image\" \/>\n<meta name=\"twitter:label1\" content=\"Dur\u00e9e de lecture estim\u00e9e\" \/>\n\t<meta name=\"twitter:data1\" content=\"1 minute\" \/>\n<script type=\"application\/ld+json\" class=\"yoast-schema-graph\">{\"@context\":\"https:\\\/\\\/schema.org\",\"@graph\":[{\"@type\":\"WebPage\",\"@id\":\"https:\\\/\\\/cvlh14.fr\\\/?page_id=35\",\"url\":\"https:\\\/\\\/cvlh14.fr\\\/?page_id=35\",\"name\":\"CLUB - C.V.L.H.\",\"isPartOf\":{\"@id\":\"https:\\\/\\\/cvlh14.fr\\\/#website\"},\"primaryImageOfPage\":{\"@id\":\"https:\\\/\\\/cvlh14.fr\\\/?page_id=35#primaryimage\"},\"image\":{\"@id\":\"https:\\\/\\\/cvlh14.fr\\\/?page_id=35#primaryimage\"},\"thumbnailUrl\":\"https:\\\/\\\/cvlh14.fr\\\/wp-content\\\/uploads\\\/2024\\\/01\\\/Screenshot_20240127_113621_WhatsApp-1.jpg\",\"datePublished\":\"2021-03-19T17:23:54+00:00\",\"dateModified\":\"2025-08-21T07:03:25+00:00\",\"breadcrumb\":{\"@id\":\"https:\\\/\\\/cvlh14.fr\\\/?page_id=35#breadcrumb\"},\"inLanguage\":\"fr-FR\",\"potentialAction\":[{\"@type\":\"ReadAction\",\"target\":[\"https:\\\/\\\/cvlh14.fr\\\/?page_id=35\"]}]},{\"@type\":\"ImageObject\",\"inLanguage\":\"fr-FR\",\"@id\":\"https:\\\/\\\/cvlh14.fr\\\/?page_id=35#primaryimage\",\"url\":\"https:\\\/\\\/cvlh14.fr\\\/wp-content\\\/uploads\\\/2024\\\/01\\\/Screenshot_20240127_113621_WhatsApp-1.jpg\",\"contentUrl\":\"https:\\\/\\\/cvlh14.fr\\\/wp-content\\\/uploads\\\/2024\\\/01\\\/Screenshot_20240127_113621_WhatsApp-1.jpg\",\"width\":498,\"height\":492},{\"@type\":\"BreadcrumbList\",\"@id\":\"https:\\\/\\\/cvlh14.fr\\\/?page_id=35#breadcrumb\",\"itemListElement\":[{\"@type\":\"ListItem\",\"position\":1,\"name\":\"Accueil\",\"item\":\"https:\\\/\\\/cvlh14.fr\\\/\"},{\"@type\":\"ListItem\",\"position\":2,\"name\":\"CLUB\"}]},{\"@type\":\"WebSite\",\"@id\":\"https:\\\/\\\/cvlh14.fr\\\/#website\",\"url\":\"https:\\\/\\\/cvlh14.fr\\\/\",\"name\":\"C.V.L.H.\",\"description\":\"Voile, Char \u00e0 Voile\",\"publisher\":{\"@id\":\"https:\\\/\\\/cvlh14.fr\\\/#organization\"},\"potentialAction\":[{\"@type\":\"SearchAction\",\"target\":{\"@type\":\"EntryPoint\",\"urlTemplate\":\"https:\\\/\\\/cvlh14.fr\\\/?s={search_term_string}\"},\"query-input\":{\"@type\":\"PropertyValueSpecification\",\"valueRequired\":true,\"valueName\":\"search_term_string\"}}],\"inLanguage\":\"fr-FR\"},{\"@type\":\"Organization\",\"@id\":\"https:\\\/\\\/cvlh14.fr\\\/#organization\",\"name\":\"CLUB DE VOILE ET LOISIRS HERMANVILLE\",\"url\":\"https:\\\/\\\/cvlh14.fr\\\/\",\"logo\":{\"@type\":\"ImageObject\",\"inLanguage\":\"fr-FR\",\"@id\":\"https:\\\/\\\/cvlh14.fr\\\/#\\\/schema\\\/logo\\\/image\\\/\",\"url\":\"https:\\\/\\\/cvlh14.fr\\\/wp-content\\\/uploads\\\/2021\\\/03\\\/cropped-cropped-logoNew-1-2.png\",\"contentUrl\":\"https:\\\/\\\/cvlh14.fr\\\/wp-content\\\/uploads\\\/2021\\\/03\\\/cropped-cropped-logoNew-1-2.png\",\"width\":493,\"height\":456,\"caption\":\"CLUB DE VOILE ET LOISIRS HERMANVILLE\"},\"image\":{\"@id\":\"https:\\\/\\\/cvlh14.fr\\\/#\\\/schema\\\/logo\\\/image\\\/\"},\"sameAs\":[\"https:\\\/\\\/www.facebook.com\\\/Club-de-Voile-et-Loisirs-dHermanville-sur-mer-217503885002723\\\/\",\"https:\\\/\\\/www.instagram.com\\\/cvlhermanville\\\/\"]}]}<\/script>\n<!-- \/ Yoast SEO plugin. -->","yoast_head_json":{"title":"CLUB - C.V.L.H.","robots":{"index":"index","follow":"follow","max-snippet":"max-snippet:-1","max-image-preview":"max-image-preview:large","max-video-preview":"max-video-preview:-1"},"canonical":"https:\/\/cvlh14.fr\/?page_id=35","og_locale":"fr_FR","og_type":"article","og_title":"CLUB - C.V.L.H.","og_description":"Nous serons pr\u00e9sents au forum des associations d&rsquo;Hermanville sur Merle Samedi 6 Septembre 2025 \u00e0 partir de 14h00 dans le parc de la mairie. Une pratique r\u00e9guli\u00e8re toute l&rsquo;ann\u00e9e ! Nous proposons nos activit\u00e9s en initiation, perfectionnement ou comp\u00e9tition toute l\u2019ann\u00e9e. Votre adh\u00e9sion au club vous offre la possibilit\u00e9 de [&hellip;]","og_url":"https:\/\/cvlh14.fr\/?page_id=35","og_site_name":"C.V.L.H.","article_publisher":"https:\/\/www.facebook.com\/Club-de-Voile-et-Loisirs-dHermanville-sur-mer-217503885002723\/","article_modified_time":"2025-08-21T07:03:25+00:00","og_image":[{"width":498,"height":492,"url":"https:\/\/cvlh14.fr\/wp-content\/uploads\/2024\/01\/Screenshot_20240127_113621_WhatsApp-1.jpg","type":"image\/jpeg"}],"twitter_card":"summary_large_image","twitter_misc":{"Dur\u00e9e de lecture estim\u00e9e":"1 minute"},"schema":{"@context":"https:\/\/schema.org","@graph":[{"@type":"WebPage","@id":"https:\/\/cvlh14.fr\/?page_id=35","url":"https:\/\/cvlh14.fr\/?page_id=35","name":"CLUB - C.V.L.H.","isPartOf":{"@id":"https:\/\/cvlh14.fr\/#website"},"primaryImageOfPage":{"@id":"https:\/\/cvlh14.fr\/?page_id=35#primaryimage"},"image":{"@id":"https:\/\/cvlh14.fr\/?page_id=35#primaryimage"},"thumbnailUrl":"https:\/\/cvlh14.fr\/wp-content\/uploads\/2024\/01\/Screenshot_20240127_113621_WhatsApp-1.jpg","datePublished":"2021-03-19T17:23:54+00:00","dateModified":"2025-08-21T07:03:25+00:00","breadcrumb":{"@id":"https:\/\/cvlh14.fr\/?page_id=35#breadcrumb"},"inLanguage":"fr-FR","potentialAction":[{"@type":"ReadAction","target":["https:\/\/cvlh14.fr\/?page_id=35"]}]},{"@type":"ImageObject","inLanguage":"fr-FR","@id":"https:\/\/cvlh14.fr\/?page_id=35#primaryimage","url":"https:\/\/cvlh14.fr\/wp-content\/uploads\/2024\/01\/Screenshot_20240127_113621_WhatsApp-1.jpg","contentUrl":"https:\/\/cvlh14.fr\/wp-content\/uploads\/2024\/01\/Screenshot_20240127_113621_WhatsApp-1.jpg","width":498,"height":492},{"@type":"BreadcrumbList","@id":"https:\/\/cvlh14.fr\/?page_id=35#breadcrumb","itemListElement":[{"@type":"ListItem","position":1,"name":"Accueil","item":"https:\/\/cvlh14.fr\/"},{"@type":"ListItem","position":2,"name":"CLUB"}]},{"@type":"WebSite","@id":"https:\/\/cvlh14.fr\/#website","url":"https:\/\/cvlh14.fr\/","name":"C.V.L.H.","description":"Voile, Char \u00e0 Voile","publisher":{"@id":"https:\/\/cvlh14.fr\/#organization"},"potentialAction":[{"@type":"SearchAction","target":{"@type":"EntryPoint","urlTemplate":"https:\/\/cvlh14.fr\/?s={search_term_string}"},"query-input":{"@type":"PropertyValueSpecification","valueRequired":true,"valueName":"search_term_string"}}],"inLanguage":"fr-FR"},{"@type":"Organization","@id":"https:\/\/cvlh14.fr\/#organization","name":"CLUB DE VOILE ET LOISIRS HERMANVILLE","url":"https:\/\/cvlh14.fr\/","logo":{"@type":"ImageObject","inLanguage":"fr-FR","@id":"https:\/\/cvlh14.fr\/#\/schema\/logo\/image\/","url":"https:\/\/cvlh14.fr\/wp-content\/uploads\/2021\/03\/cropped-cropped-logoNew-1-2.png","contentUrl":"https:\/\/cvlh14.fr\/wp-content\/uploads\/2021\/03\/cropped-cropped-logoNew-1-2.png","width":493,"height":456,"caption":"CLUB DE VOILE ET LOISIRS HERMANVILLE"},"image":{"@id":"https:\/\/cvlh14.fr\/#\/schema\/logo\/image\/"},"sameAs":["https:\/\/www.facebook.com\/Club-de-Voile-et-Loisirs-dHermanville-sur-mer-217503885002723\/","https:\/\/www.instagram.com\/cvlhermanville\/"]}]}},"jetpack_sharing_enabled":true,"_links":{"self":[{"href":"https:\/\/cvlh14.fr\/index.php?rest_route=\/wp\/v2\/pages\/35","targetHints":{"allow":["GET"]}}],"collection":[{"href":"https:\/\/cvlh14.fr\/index.php?rest_route=\/wp\/v2\/pages"}],"about":[{"href":"https:\/\/cvlh14.fr\/index.php?rest_route=\/wp\/v2\/types\/page"}],"author":[{"embeddable":true,"href":"https:\/\/cvlh14.fr\/index.php?rest_route=\/wp\/v2\/users\/1"}],"replies":[{"embeddable":true,"href":"https:\/\/cvlh14.fr\/index.php?rest_route=%2Fwp%2Fv2%2Fcomments&post=35"}],"version-history":[{"count":51,"href":"https:\/\/cvlh14.fr\/index.php?rest_route=\/wp\/v2\/pages\/35\/revisions"}],"predecessor-version":[{"id":1387,"href":"https:\/\/cvlh14.fr\/index.php?rest_route=\/wp\/v2\/pages\/35\/revisions\/1387"}],"wp:attachment":[{"href":"https:\/\/cvlh14.fr\/index.php?rest_route=%2Fwp%2Fv2%2Fmedia&parent=35"}],"curies":[{"name":"wp","href":"https:\/\/api.w.org\/{rel}","templated":true}]}}