{"id":263,"date":"2021-05-03T17:29:50","date_gmt":"2021-05-03T15:29:50","guid":{"rendered":"https:\/\/new.cvlh14.fr\/?page_id=263"},"modified":"2025-11-15T11:10:10","modified_gmt":"2025-11-15T10:10:10","slug":"cerf-volant","status":"publish","type":"page","link":"https:\/\/cvlh14.fr\/?page_id=263","title":{"rendered":"CERF-VOLANT"},"content":{"rendered":"\n<div class=\"wp-block-columns are-vertically-aligned-center is-layout-flex wp-container-core-columns-is-layout-28f84493 wp-block-columns-is-layout-flex\">\n<div class=\"wp-block-column is-vertically-aligned-center is-layout-flow wp-block-column-is-layout-flow\" style=\"flex-basis:33.33%\">\n<figure class=\"wp-block-image size-large is-style-default\"><img decoding=\"async\" src=\"https:\/\/cvlh14.fr\/wp-content\/uploads\/2021\/10\/DSC_1422-min-1024x768.jpg\" alt=\"\"\/><\/figure>\n<\/div>\n\n\n\n<div class=\"wp-block-column is-vertically-aligned-center is-layout-flow wp-block-column-is-layout-flow\" style=\"flex-basis:66.66%\">\n<p>Venez construire votre cerf-volant en salle, <strong>\u00e0 partir de 6 ans<\/strong>. <br>Votre moniteur vous guidera dans les diff\u00e9rentes \u00e9tapes de fabrication et de cr\u00e9ation (mod\u00e8les adapt\u00e9s \u00e0 l&rsquo;\u00e2ge des participants). Vous pourrez le personnaliser en le d\u00e9corant (<strong>mat\u00e9riel fourni<\/strong>). Vous apprendrez \u00e9galement les techniques de base du pilotage en toute s\u00e9curit\u00e9. <br>La dur\u00e9e d&rsquo;une s\u00e9ance est de <strong>2h<\/strong>. <\/p>\n<\/div>\n<\/div>\n\n\n\n<div style=\"height:25px\" aria-hidden=\"true\" class=\"wp-block-spacer\"><\/div>\n\n\n\n<div class=\"wp-block-columns are-vertically-aligned-center is-layout-flex wp-container-core-columns-is-layout-28f84493 wp-block-columns-is-layout-flex\">\n<div class=\"wp-block-column is-vertically-aligned-center is-layout-flow wp-block-column-is-layout-flow\" style=\"flex-basis:66.66%\">\n<figure class=\"wp-block-table is-style-stripes\"><table class=\"has-fixed-layout\"><tbody><tr><td class=\"has-text-align-center\" data-align=\"center\"><\/td><td class=\"has-text-align-center\" data-align=\"center\"><strong>Tarifs<\/strong> 2026<\/td><\/tr><tr><td class=\"has-text-align-center\" data-align=\"center\">S\u00e9ance de fabrication de 2h<\/td><td class=\"has-text-align-center\" data-align=\"center\"> 16 \u20ac<\/td><\/tr><\/tbody><\/table><\/figure>\n\n\n\n<p class=\"has-text-align-center has-small-font-size\"> <em>Fournitures comprises<\/em> <\/p>\n<\/div>\n\n\n\n<div class=\"wp-block-column is-vertically-aligned-center is-layout-flow wp-block-column-is-layout-flow\" style=\"flex-basis:33.33%\"><div class=\"wp-block-image is-style-default\">\n<figure class=\"aligncenter size-large\"><img decoding=\"async\" src=\"https:\/\/cvlh14.fr\/wp-content\/uploads\/2021\/10\/IMG-7340.jpg\" alt=\"\"\/><\/figure>\n<\/div><\/div>\n<\/div>\n\n\n\n<p><strong><a href=\"https:\/\/cvlh14.fr\/wp-content\/uploads\/2024\/02\/EQUIPEMENTS-A-PREVOIRE.png\" target=\"_blank\" rel=\"noreferrer noopener\">\u00c9quipements<\/a> :<br><\/strong>Chaussures ferm\u00e9es, casquette, lunettes de soleil&nbsp;et gants.<\/p>\n\n\n\n<div style=\"height:25px\" aria-hidden=\"true\" class=\"wp-block-spacer\"><\/div>\n\n\n\n<div class=\"wp-block-buttons is-content-justification-center is-layout-flex wp-container-core-buttons-is-layout-a89b3969 wp-block-buttons-is-layout-flex\">\n<div class=\"wp-block-button has-custom-width wp-block-button__width-100\"><a class=\"wp-block-button__link has-black-color has-accent-background-color has-text-color has-background has-medium-font-size has-custom-font-size wp-element-button\" href=\"https:\/\/hermanville.axyomes.com\/client\/2-1.php?stagetype=4\"><strong>R\u00c9SERVATION ET PLANNING EN LIGNE<\/strong><\/a><\/div>\n<\/div>\n\n\n\n<div style=\"height:25px\" aria-hidden=\"true\" class=\"wp-block-spacer\"><\/div>\n\n\n\n<p class=\"has-black-color has-text-color\"><strong>Nous <a href=\"https:\/\/cvlh14.fr\/?page_id=34\">contacter<\/a> pour toute demande sp\u00e9cifique ou information compl\u00e9mentaire.<\/strong> <\/p>\n\n\n\n<p>T\u00e9l\u00e9chargez au format PDF : <a href=\"https:\/\/cvlh14.fr\/wp-content\/uploads\/2024\/02\/EQUIPEMENTS-A-PREVOIRE.png\" target=\"_blank\" rel=\"noreferrer noopener\">Equipements \u00e0 pr\u00e9voir<\/a><\/p>\n","protected":false},"excerpt":{"rendered":"<p>Venez construire votre cerf-volant en salle, \u00e0 partir de 6 ans. Votre moniteur vous guidera dans les diff\u00e9rentes \u00e9tapes de fabrication et de cr\u00e9ation (mod\u00e8les adapt\u00e9s \u00e0 l&rsquo;\u00e2ge des participants). Vous pourrez le personnaliser en le d\u00e9corant (mat\u00e9riel fourni). Vous apprendrez \u00e9galement les techniques de base du pilotage en toute [&hellip;]<\/p>\n","protected":false},"author":1,"featured_media":592,"parent":0,"menu_order":0,"comment_status":"closed","ping_status":"closed","template":"","meta":{"_monsterinsights_skip_tracking":false,"_monsterinsights_sitenote_active":false,"_monsterinsights_sitenote_note":"","_monsterinsights_sitenote_category":0,"footnotes":""},"class_list":["post-263","page","type-page","status-publish","has-post-thumbnail","hentry"],"yoast_head":"<!-- This site is optimized with the Yoast SEO plugin v27.4 - https:\/\/yoast.com\/product\/yoast-seo-wordpress\/ -->\n<title>CERF-VOLANT - C.V.L.H.<\/title>\n<meta name=\"robots\" content=\"index, follow, max-snippet:-1, max-image-preview:large, max-video-preview:-1\" \/>\n<link rel=\"canonical\" href=\"https:\/\/cvlh14.fr\/?page_id=263\" \/>\n<meta property=\"og:locale\" content=\"fr_FR\" \/>\n<meta property=\"og:type\" content=\"article\" \/>\n<meta property=\"og:title\" content=\"CERF-VOLANT - C.V.L.H.\" \/>\n<meta property=\"og:description\" content=\"Venez construire votre cerf-volant en salle, \u00e0 partir de 6 ans. Votre moniteur vous guidera dans les diff\u00e9rentes \u00e9tapes de fabrication et de cr\u00e9ation (mod\u00e8les adapt\u00e9s \u00e0 l&rsquo;\u00e2ge des participants). Vous pourrez le personnaliser en le d\u00e9corant (mat\u00e9riel fourni). Vous apprendrez \u00e9galement les techniques de base du pilotage en toute [&hellip;]\" \/>\n<meta property=\"og:url\" content=\"https:\/\/cvlh14.fr\/?page_id=263\" \/>\n<meta property=\"og:site_name\" content=\"C.V.L.H.\" \/>\n<meta property=\"article:publisher\" content=\"https:\/\/www.facebook.com\/Club-de-Voile-et-Loisirs-dHermanville-sur-mer-217503885002723\/\" \/>\n<meta property=\"article:modified_time\" content=\"2025-11-15T10:10:10+00:00\" \/>\n<meta property=\"og:image\" content=\"https:\/\/cvlh14.fr\/wp-content\/uploads\/2021\/10\/DSC_1422-min-scaled.jpg\" \/>\n\t<meta property=\"og:image:width\" content=\"2560\" \/>\n\t<meta property=\"og:image:height\" content=\"1920\" \/>\n\t<meta property=\"og:image:type\" content=\"image\/jpeg\" \/>\n<meta name=\"twitter:card\" content=\"summary_large_image\" \/>\n<meta name=\"twitter:label1\" content=\"Dur\u00e9e de lecture estim\u00e9e\" \/>\n\t<meta name=\"twitter:data1\" content=\"1 minute\" \/>\n<script type=\"application\/ld+json\" class=\"yoast-schema-graph\">{\"@context\":\"https:\\\/\\\/schema.org\",\"@graph\":[{\"@type\":\"WebPage\",\"@id\":\"https:\\\/\\\/cvlh14.fr\\\/?page_id=263\",\"url\":\"https:\\\/\\\/cvlh14.fr\\\/?page_id=263\",\"name\":\"CERF-VOLANT - C.V.L.H.\",\"isPartOf\":{\"@id\":\"https:\\\/\\\/cvlh14.fr\\\/#website\"},\"primaryImageOfPage\":{\"@id\":\"https:\\\/\\\/cvlh14.fr\\\/?page_id=263#primaryimage\"},\"image\":{\"@id\":\"https:\\\/\\\/cvlh14.fr\\\/?page_id=263#primaryimage\"},\"thumbnailUrl\":\"https:\\\/\\\/cvlh14.fr\\\/wp-content\\\/uploads\\\/2021\\\/10\\\/DSC_1422-min-scaled.jpg\",\"datePublished\":\"2021-05-03T15:29:50+00:00\",\"dateModified\":\"2025-11-15T10:10:10+00:00\",\"breadcrumb\":{\"@id\":\"https:\\\/\\\/cvlh14.fr\\\/?page_id=263#breadcrumb\"},\"inLanguage\":\"fr-FR\",\"potentialAction\":[{\"@type\":\"ReadAction\",\"target\":[\"https:\\\/\\\/cvlh14.fr\\\/?page_id=263\"]}]},{\"@type\":\"ImageObject\",\"inLanguage\":\"fr-FR\",\"@id\":\"https:\\\/\\\/cvlh14.fr\\\/?page_id=263#primaryimage\",\"url\":\"https:\\\/\\\/cvlh14.fr\\\/wp-content\\\/uploads\\\/2021\\\/10\\\/DSC_1422-min-scaled.jpg\",\"contentUrl\":\"https:\\\/\\\/cvlh14.fr\\\/wp-content\\\/uploads\\\/2021\\\/10\\\/DSC_1422-min-scaled.jpg\",\"width\":2560,\"height\":1920},{\"@type\":\"BreadcrumbList\",\"@id\":\"https:\\\/\\\/cvlh14.fr\\\/?page_id=263#breadcrumb\",\"itemListElement\":[{\"@type\":\"ListItem\",\"position\":1,\"name\":\"Accueil\",\"item\":\"https:\\\/\\\/cvlh14.fr\\\/\"},{\"@type\":\"ListItem\",\"position\":2,\"name\":\"CERF-VOLANT\"}]},{\"@type\":\"WebSite\",\"@id\":\"https:\\\/\\\/cvlh14.fr\\\/#website\",\"url\":\"https:\\\/\\\/cvlh14.fr\\\/\",\"name\":\"C.V.L.H.\",\"description\":\"Voile, Char \u00e0 Voile\",\"publisher\":{\"@id\":\"https:\\\/\\\/cvlh14.fr\\\/#organization\"},\"potentialAction\":[{\"@type\":\"SearchAction\",\"target\":{\"@type\":\"EntryPoint\",\"urlTemplate\":\"https:\\\/\\\/cvlh14.fr\\\/?s={search_term_string}\"},\"query-input\":{\"@type\":\"PropertyValueSpecification\",\"valueRequired\":true,\"valueName\":\"search_term_string\"}}],\"inLanguage\":\"fr-FR\"},{\"@type\":\"Organization\",\"@id\":\"https:\\\/\\\/cvlh14.fr\\\/#organization\",\"name\":\"CLUB DE VOILE ET LOISIRS HERMANVILLE\",\"url\":\"https:\\\/\\\/cvlh14.fr\\\/\",\"logo\":{\"@type\":\"ImageObject\",\"inLanguage\":\"fr-FR\",\"@id\":\"https:\\\/\\\/cvlh14.fr\\\/#\\\/schema\\\/logo\\\/image\\\/\",\"url\":\"https:\\\/\\\/cvlh14.fr\\\/wp-content\\\/uploads\\\/2021\\\/03\\\/cropped-cropped-logoNew-1-2.png\",\"contentUrl\":\"https:\\\/\\\/cvlh14.fr\\\/wp-content\\\/uploads\\\/2021\\\/03\\\/cropped-cropped-logoNew-1-2.png\",\"width\":493,\"height\":456,\"caption\":\"CLUB DE VOILE ET LOISIRS HERMANVILLE\"},\"image\":{\"@id\":\"https:\\\/\\\/cvlh14.fr\\\/#\\\/schema\\\/logo\\\/image\\\/\"},\"sameAs\":[\"https:\\\/\\\/www.facebook.com\\\/Club-de-Voile-et-Loisirs-dHermanville-sur-mer-217503885002723\\\/\",\"https:\\\/\\\/www.instagram.com\\\/cvlhermanville\\\/\"]}]}<\/script>\n<!-- \/ Yoast SEO plugin. -->","yoast_head_json":{"title":"CERF-VOLANT - C.V.L.H.","robots":{"index":"index","follow":"follow","max-snippet":"max-snippet:-1","max-image-preview":"max-image-preview:large","max-video-preview":"max-video-preview:-1"},"canonical":"https:\/\/cvlh14.fr\/?page_id=263","og_locale":"fr_FR","og_type":"article","og_title":"CERF-VOLANT - C.V.L.H.","og_description":"Venez construire votre cerf-volant en salle, \u00e0 partir de 6 ans. Votre moniteur vous guidera dans les diff\u00e9rentes \u00e9tapes de fabrication et de cr\u00e9ation (mod\u00e8les adapt\u00e9s \u00e0 l&rsquo;\u00e2ge des participants). Vous pourrez le personnaliser en le d\u00e9corant (mat\u00e9riel fourni). Vous apprendrez \u00e9galement les techniques de base du pilotage en toute [&hellip;]","og_url":"https:\/\/cvlh14.fr\/?page_id=263","og_site_name":"C.V.L.H.","article_publisher":"https:\/\/www.facebook.com\/Club-de-Voile-et-Loisirs-dHermanville-sur-mer-217503885002723\/","article_modified_time":"2025-11-15T10:10:10+00:00","og_image":[{"width":2560,"height":1920,"url":"https:\/\/cvlh14.fr\/wp-content\/uploads\/2021\/10\/DSC_1422-min-scaled.jpg","type":"image\/jpeg"}],"twitter_card":"summary_large_image","twitter_misc":{"Dur\u00e9e de lecture estim\u00e9e":"1 minute"},"schema":{"@context":"https:\/\/schema.org","@graph":[{"@type":"WebPage","@id":"https:\/\/cvlh14.fr\/?page_id=263","url":"https:\/\/cvlh14.fr\/?page_id=263","name":"CERF-VOLANT - C.V.L.H.","isPartOf":{"@id":"https:\/\/cvlh14.fr\/#website"},"primaryImageOfPage":{"@id":"https:\/\/cvlh14.fr\/?page_id=263#primaryimage"},"image":{"@id":"https:\/\/cvlh14.fr\/?page_id=263#primaryimage"},"thumbnailUrl":"https:\/\/cvlh14.fr\/wp-content\/uploads\/2021\/10\/DSC_1422-min-scaled.jpg","datePublished":"2021-05-03T15:29:50+00:00","dateModified":"2025-11-15T10:10:10+00:00","breadcrumb":{"@id":"https:\/\/cvlh14.fr\/?page_id=263#breadcrumb"},"inLanguage":"fr-FR","potentialAction":[{"@type":"ReadAction","target":["https:\/\/cvlh14.fr\/?page_id=263"]}]},{"@type":"ImageObject","inLanguage":"fr-FR","@id":"https:\/\/cvlh14.fr\/?page_id=263#primaryimage","url":"https:\/\/cvlh14.fr\/wp-content\/uploads\/2021\/10\/DSC_1422-min-scaled.jpg","contentUrl":"https:\/\/cvlh14.fr\/wp-content\/uploads\/2021\/10\/DSC_1422-min-scaled.jpg","width":2560,"height":1920},{"@type":"BreadcrumbList","@id":"https:\/\/cvlh14.fr\/?page_id=263#breadcrumb","itemListElement":[{"@type":"ListItem","position":1,"name":"Accueil","item":"https:\/\/cvlh14.fr\/"},{"@type":"ListItem","position":2,"name":"CERF-VOLANT"}]},{"@type":"WebSite","@id":"https:\/\/cvlh14.fr\/#website","url":"https:\/\/cvlh14.fr\/","name":"C.V.L.H.","description":"Voile, Char \u00e0 Voile","publisher":{"@id":"https:\/\/cvlh14.fr\/#organization"},"potentialAction":[{"@type":"SearchAction","target":{"@type":"EntryPoint","urlTemplate":"https:\/\/cvlh14.fr\/?s={search_term_string}"},"query-input":{"@type":"PropertyValueSpecification","valueRequired":true,"valueName":"search_term_string"}}],"inLanguage":"fr-FR"},{"@type":"Organization","@id":"https:\/\/cvlh14.fr\/#organization","name":"CLUB DE VOILE ET LOISIRS HERMANVILLE","url":"https:\/\/cvlh14.fr\/","logo":{"@type":"ImageObject","inLanguage":"fr-FR","@id":"https:\/\/cvlh14.fr\/#\/schema\/logo\/image\/","url":"https:\/\/cvlh14.fr\/wp-content\/uploads\/2021\/03\/cropped-cropped-logoNew-1-2.png","contentUrl":"https:\/\/cvlh14.fr\/wp-content\/uploads\/2021\/03\/cropped-cropped-logoNew-1-2.png","width":493,"height":456,"caption":"CLUB DE VOILE ET LOISIRS HERMANVILLE"},"image":{"@id":"https:\/\/cvlh14.fr\/#\/schema\/logo\/image\/"},"sameAs":["https:\/\/www.facebook.com\/Club-de-Voile-et-Loisirs-dHermanville-sur-mer-217503885002723\/","https:\/\/www.instagram.com\/cvlhermanville\/"]}]}},"jetpack_sharing_enabled":true,"_links":{"self":[{"href":"https:\/\/cvlh14.fr\/index.php?rest_route=\/wp\/v2\/pages\/263","targetHints":{"allow":["GET"]}}],"collection":[{"href":"https:\/\/cvlh14.fr\/index.php?rest_route=\/wp\/v2\/pages"}],"about":[{"href":"https:\/\/cvlh14.fr\/index.php?rest_route=\/wp\/v2\/types\/page"}],"author":[{"embeddable":true,"href":"https:\/\/cvlh14.fr\/index.php?rest_route=\/wp\/v2\/users\/1"}],"replies":[{"embeddable":true,"href":"https:\/\/cvlh14.fr\/index.php?rest_route=%2Fwp%2Fv2%2Fcomments&post=263"}],"version-history":[{"count":53,"href":"https:\/\/cvlh14.fr\/index.php?rest_route=\/wp\/v2\/pages\/263\/revisions"}],"predecessor-version":[{"id":1404,"href":"https:\/\/cvlh14.fr\/index.php?rest_route=\/wp\/v2\/pages\/263\/revisions\/1404"}],"wp:featuredmedia":[{"embeddable":true,"href":"https:\/\/cvlh14.fr\/index.php?rest_route=\/wp\/v2\/media\/592"}],"wp:attachment":[{"href":"https:\/\/cvlh14.fr\/index.php?rest_route=%2Fwp%2Fv2%2Fmedia&parent=263"}],"curies":[{"name":"wp","href":"https:\/\/api.w.org\/{rel}","templated":true}]}}