{"id":259,"date":"2021-05-03T17:29:06","date_gmt":"2021-05-03T15:29:06","guid":{"rendered":"https:\/\/new.cvlh14.fr\/?page_id=259"},"modified":"2025-11-15T11:07:52","modified_gmt":"2025-11-15T10:07:52","slug":"kayak-paddle","status":"publish","type":"page","link":"https:\/\/cvlh14.fr\/?page_id=259","title":{"rendered":"KAYAK \/ PADDLE"},"content":{"rendered":"\n<div class=\"wp-block-columns are-vertically-aligned-center is-layout-flex wp-container-core-columns-is-layout-28f84493 wp-block-columns-is-layout-flex\">\n<div class=\"wp-block-column is-vertically-aligned-center is-layout-flow wp-block-column-is-layout-flow\" style=\"flex-basis:33.33%\">\n<figure class=\"wp-block-image size-large is-style-default\"><img decoding=\"async\" src=\"https:\/\/cvlh14.fr\/wp-content\/uploads\/2021\/10\/117312453_3150696725016743_3099370391207256734_n-1024x768.jpg\" alt=\"\"\/><\/figure>\n<\/div>\n\n\n\n<div class=\"wp-block-column is-vertically-aligned-center is-layout-flow wp-block-column-is-layout-flow\" style=\"flex-basis:66.66%\">\n<p>Naviguez en toute s\u00e9curit\u00e9 en promenade ou en s\u00e9quence ludique. Votre moniteur vous fera d\u00e9couvrir le milieu aquatique \u00e0 la force de vos bras.<br>L&rsquo;activit\u00e9 se d\u00e9roule en mer <strong>le matin ou l&rsquo;apr\u00e8s midi<\/strong>.<br>La dur\u00e9e d&rsquo;une s\u00e9ance est de <strong>1h00<\/strong>.<br><\/p>\n\n\n\n<p><\/p>\n<\/div>\n<\/div>\n\n\n\n<p>Les supports propos\u00e9s :<br><strong>\u00c0 partir de 9 ans<\/strong>, le <strong>kayak<\/strong>.<br><strong>\u00c0 partir de 12 ans<\/strong>, le <strong>paddle<\/strong><br><strong>Brevet de natation obligatoire<\/strong>.<\/p>\n\n\n\n<p class=\"has-small-font-size\">Nos activit\u00e9s sont soumises aux variables m\u00e9t\u00e9orologiques. Elles peuvent \u00eatre annul\u00e9es ou report\u00e9es.<\/p>\n\n\n\n<div class=\"wp-block-columns are-vertically-aligned-center is-layout-flex wp-container-core-columns-is-layout-28f84493 wp-block-columns-is-layout-flex\">\n<div class=\"wp-block-column is-vertically-aligned-center is-layout-flow wp-block-column-is-layout-flow\" style=\"flex-basis:66.66%\">\n<figure class=\"wp-block-table is-style-stripes\"><table class=\"has-fixed-layout\"><tbody><tr><td class=\"has-text-align-center\" data-align=\"center\"><\/td><td class=\"has-text-align-center\" data-align=\"center\"><strong>Tarifs<\/strong> 2026<\/td><\/tr><tr><td class=\"has-text-align-center\" data-align=\"center\">S\u00e9ance de Kayak encadr\u00e9e de 1h<\/td><td class=\"has-text-align-center\" data-align=\"center\">24 \u20ac<\/td><\/tr><tr><td class=\"has-text-align-center\" data-align=\"center\">S\u00e9ance de Paddle encadr\u00e9e de 1h <\/td><td class=\"has-text-align-center\" data-align=\"center\">30 \u20ac<\/td><\/tr><tr><td class=\"has-text-align-center\" data-align=\"center\"> Mise \u00e0 disposition 1h<\/td><td class=\"has-text-align-center\" data-align=\"center\">17 \u20ac<\/td><\/tr><\/tbody><\/table><\/figure>\n<\/div>\n\n\n\n<div class=\"wp-block-column is-vertically-aligned-center is-layout-flow wp-block-column-is-layout-flow\" style=\"flex-basis:33.33%\"><div class=\"wp-block-image is-style-default\">\n<figure class=\"aligncenter size-large\"><img decoding=\"async\" src=\"https:\/\/cvlh14.fr\/wp-content\/uploads\/2021\/10\/117338381_3150708831682199_8167633878986877287_n-1024x768.jpg\" alt=\"\"\/><\/figure>\n<\/div><\/div>\n<\/div>\n\n\n\n<p><strong><a href=\"https:\/\/cvlh14.fr\/wp-content\/uploads\/2024\/02\/EQUIPEMENTS-A-PREVOIRE.png\" target=\"_blank\" rel=\"noreferrer noopener\">\u00c9quipements<\/a> :<br><\/strong>Chaussures d\u2019eau, tee-shirt, maillot de bain, casquette, coupe vent.<br>Les combinaisons en n\u00e9opr\u00e8ne sont fournies. <br>Le port du gilet de sauvetage est obligatoire (fourni par le club).<\/p>\n\n\n\n<div style=\"height:25px\" aria-hidden=\"true\" class=\"wp-block-spacer\"><\/div>\n\n\n\n<div class=\"wp-block-buttons is-content-justification-center is-layout-flex wp-container-core-buttons-is-layout-a89b3969 wp-block-buttons-is-layout-flex\">\n<div class=\"wp-block-button has-custom-width wp-block-button__width-100\"><a class=\"wp-block-button__link has-black-color has-accent-background-color has-text-color has-background has-medium-font-size has-custom-font-size wp-element-button\" href=\"https:\/\/hermanville.axyomes.com\/client\/2-1.php?stagetype=6\"><strong>R\u00c9SERVATION ET PLANNING EN LIGNE<\/strong><\/a><\/div>\n<\/div>\n\n\n\n<div style=\"height:25px\" aria-hidden=\"true\" class=\"wp-block-spacer\"><\/div>\n\n\n\n<p class=\"has-black-color has-text-color\"><strong>Nous <a href=\"https:\/\/cvlh14.fr\/?page_id=34\">contacter<\/a> pour toute demande sp\u00e9cifique ou information compl\u00e9mentaire.<\/strong>  <\/p>\n\n\n\n<p>T\u00e9l\u00e9chargez au format PDF : <a href=\"https:\/\/cvlh14.fr\/wp-content\/uploads\/2024\/02\/EQUIPEMENTS-A-PREVOIRE.png\" target=\"_blank\" rel=\"noreferrer noopener\">Equipements \u00e0 pr\u00e9voir<\/a><\/p>\n","protected":false},"excerpt":{"rendered":"<p>Naviguez en toute s\u00e9curit\u00e9 en promenade ou en s\u00e9quence ludique. Votre moniteur vous fera d\u00e9couvrir le milieu aquatique \u00e0 la force de vos bras.L&rsquo;activit\u00e9 se d\u00e9roule en mer le matin ou l&rsquo;apr\u00e8s midi.La dur\u00e9e d&rsquo;une s\u00e9ance est de 1h00. Les supports propos\u00e9s :\u00c0 partir de 9 ans, le kayak.\u00c0 partir [&hellip;]<\/p>\n","protected":false},"author":1,"featured_media":614,"parent":0,"menu_order":0,"comment_status":"closed","ping_status":"closed","template":"","meta":{"_monsterinsights_skip_tracking":false,"_monsterinsights_sitenote_active":false,"_monsterinsights_sitenote_note":"","_monsterinsights_sitenote_category":0,"footnotes":""},"class_list":["post-259","page","type-page","status-publish","has-post-thumbnail","hentry"],"yoast_head":"<!-- This site is optimized with the Yoast SEO plugin v27.4 - https:\/\/yoast.com\/product\/yoast-seo-wordpress\/ -->\n<title>KAYAK \/ PADDLE - C.V.L.H.<\/title>\n<meta name=\"robots\" content=\"index, follow, max-snippet:-1, max-image-preview:large, max-video-preview:-1\" \/>\n<link rel=\"canonical\" href=\"https:\/\/cvlh14.fr\/?page_id=259\" \/>\n<meta property=\"og:locale\" content=\"fr_FR\" \/>\n<meta property=\"og:type\" content=\"article\" \/>\n<meta property=\"og:title\" content=\"KAYAK \/ PADDLE - C.V.L.H.\" \/>\n<meta property=\"og:description\" content=\"Naviguez en toute s\u00e9curit\u00e9 en promenade ou en s\u00e9quence ludique. Votre moniteur vous fera d\u00e9couvrir le milieu aquatique \u00e0 la force de vos bras.L&rsquo;activit\u00e9 se d\u00e9roule en mer le matin ou l&rsquo;apr\u00e8s midi.La dur\u00e9e d&rsquo;une s\u00e9ance est de 1h00. Les supports propos\u00e9s :\u00c0 partir de 9 ans, le kayak.\u00c0 partir [&hellip;]\" \/>\n<meta property=\"og:url\" content=\"https:\/\/cvlh14.fr\/?page_id=259\" \/>\n<meta property=\"og:site_name\" content=\"C.V.L.H.\" \/>\n<meta property=\"article:publisher\" content=\"https:\/\/www.facebook.com\/Club-de-Voile-et-Loisirs-dHermanville-sur-mer-217503885002723\/\" \/>\n<meta property=\"article:modified_time\" content=\"2025-11-15T10:07:52+00:00\" \/>\n<meta property=\"og:image\" content=\"https:\/\/cvlh14.fr\/wp-content\/uploads\/2021\/10\/175958496_3861245200628555_7376481068571189100_n.jpg\" \/>\n\t<meta property=\"og:image:width\" content=\"1944\" \/>\n\t<meta property=\"og:image:height\" content=\"1458\" \/>\n\t<meta property=\"og:image:type\" content=\"image\/jpeg\" \/>\n<meta name=\"twitter:card\" content=\"summary_large_image\" \/>\n<meta name=\"twitter:label1\" content=\"Dur\u00e9e de lecture estim\u00e9e\" \/>\n\t<meta name=\"twitter:data1\" content=\"2 minutes\" \/>\n<script type=\"application\/ld+json\" class=\"yoast-schema-graph\">{\"@context\":\"https:\\\/\\\/schema.org\",\"@graph\":[{\"@type\":\"WebPage\",\"@id\":\"https:\\\/\\\/cvlh14.fr\\\/?page_id=259\",\"url\":\"https:\\\/\\\/cvlh14.fr\\\/?page_id=259\",\"name\":\"KAYAK \\\/ PADDLE - C.V.L.H.\",\"isPartOf\":{\"@id\":\"https:\\\/\\\/cvlh14.fr\\\/#website\"},\"primaryImageOfPage\":{\"@id\":\"https:\\\/\\\/cvlh14.fr\\\/?page_id=259#primaryimage\"},\"image\":{\"@id\":\"https:\\\/\\\/cvlh14.fr\\\/?page_id=259#primaryimage\"},\"thumbnailUrl\":\"https:\\\/\\\/cvlh14.fr\\\/wp-content\\\/uploads\\\/2021\\\/10\\\/175958496_3861245200628555_7376481068571189100_n.jpg\",\"datePublished\":\"2021-05-03T15:29:06+00:00\",\"dateModified\":\"2025-11-15T10:07:52+00:00\",\"breadcrumb\":{\"@id\":\"https:\\\/\\\/cvlh14.fr\\\/?page_id=259#breadcrumb\"},\"inLanguage\":\"fr-FR\",\"potentialAction\":[{\"@type\":\"ReadAction\",\"target\":[\"https:\\\/\\\/cvlh14.fr\\\/?page_id=259\"]}]},{\"@type\":\"ImageObject\",\"inLanguage\":\"fr-FR\",\"@id\":\"https:\\\/\\\/cvlh14.fr\\\/?page_id=259#primaryimage\",\"url\":\"https:\\\/\\\/cvlh14.fr\\\/wp-content\\\/uploads\\\/2021\\\/10\\\/175958496_3861245200628555_7376481068571189100_n.jpg\",\"contentUrl\":\"https:\\\/\\\/cvlh14.fr\\\/wp-content\\\/uploads\\\/2021\\\/10\\\/175958496_3861245200628555_7376481068571189100_n.jpg\",\"width\":1944,\"height\":1458},{\"@type\":\"BreadcrumbList\",\"@id\":\"https:\\\/\\\/cvlh14.fr\\\/?page_id=259#breadcrumb\",\"itemListElement\":[{\"@type\":\"ListItem\",\"position\":1,\"name\":\"Accueil\",\"item\":\"https:\\\/\\\/cvlh14.fr\\\/\"},{\"@type\":\"ListItem\",\"position\":2,\"name\":\"KAYAK \\\/ PADDLE\"}]},{\"@type\":\"WebSite\",\"@id\":\"https:\\\/\\\/cvlh14.fr\\\/#website\",\"url\":\"https:\\\/\\\/cvlh14.fr\\\/\",\"name\":\"C.V.L.H.\",\"description\":\"Voile, Char \u00e0 Voile\",\"publisher\":{\"@id\":\"https:\\\/\\\/cvlh14.fr\\\/#organization\"},\"potentialAction\":[{\"@type\":\"SearchAction\",\"target\":{\"@type\":\"EntryPoint\",\"urlTemplate\":\"https:\\\/\\\/cvlh14.fr\\\/?s={search_term_string}\"},\"query-input\":{\"@type\":\"PropertyValueSpecification\",\"valueRequired\":true,\"valueName\":\"search_term_string\"}}],\"inLanguage\":\"fr-FR\"},{\"@type\":\"Organization\",\"@id\":\"https:\\\/\\\/cvlh14.fr\\\/#organization\",\"name\":\"CLUB DE VOILE ET LOISIRS HERMANVILLE\",\"url\":\"https:\\\/\\\/cvlh14.fr\\\/\",\"logo\":{\"@type\":\"ImageObject\",\"inLanguage\":\"fr-FR\",\"@id\":\"https:\\\/\\\/cvlh14.fr\\\/#\\\/schema\\\/logo\\\/image\\\/\",\"url\":\"https:\\\/\\\/cvlh14.fr\\\/wp-content\\\/uploads\\\/2021\\\/03\\\/cropped-cropped-logoNew-1-2.png\",\"contentUrl\":\"https:\\\/\\\/cvlh14.fr\\\/wp-content\\\/uploads\\\/2021\\\/03\\\/cropped-cropped-logoNew-1-2.png\",\"width\":493,\"height\":456,\"caption\":\"CLUB DE VOILE ET LOISIRS HERMANVILLE\"},\"image\":{\"@id\":\"https:\\\/\\\/cvlh14.fr\\\/#\\\/schema\\\/logo\\\/image\\\/\"},\"sameAs\":[\"https:\\\/\\\/www.facebook.com\\\/Club-de-Voile-et-Loisirs-dHermanville-sur-mer-217503885002723\\\/\",\"https:\\\/\\\/www.instagram.com\\\/cvlhermanville\\\/\"]}]}<\/script>\n<!-- \/ Yoast SEO plugin. -->","yoast_head_json":{"title":"KAYAK \/ PADDLE - C.V.L.H.","robots":{"index":"index","follow":"follow","max-snippet":"max-snippet:-1","max-image-preview":"max-image-preview:large","max-video-preview":"max-video-preview:-1"},"canonical":"https:\/\/cvlh14.fr\/?page_id=259","og_locale":"fr_FR","og_type":"article","og_title":"KAYAK \/ PADDLE - C.V.L.H.","og_description":"Naviguez en toute s\u00e9curit\u00e9 en promenade ou en s\u00e9quence ludique. Votre moniteur vous fera d\u00e9couvrir le milieu aquatique \u00e0 la force de vos bras.L&rsquo;activit\u00e9 se d\u00e9roule en mer le matin ou l&rsquo;apr\u00e8s midi.La dur\u00e9e d&rsquo;une s\u00e9ance est de 1h00. Les supports propos\u00e9s :\u00c0 partir de 9 ans, le kayak.\u00c0 partir [&hellip;]","og_url":"https:\/\/cvlh14.fr\/?page_id=259","og_site_name":"C.V.L.H.","article_publisher":"https:\/\/www.facebook.com\/Club-de-Voile-et-Loisirs-dHermanville-sur-mer-217503885002723\/","article_modified_time":"2025-11-15T10:07:52+00:00","og_image":[{"width":1944,"height":1458,"url":"https:\/\/cvlh14.fr\/wp-content\/uploads\/2021\/10\/175958496_3861245200628555_7376481068571189100_n.jpg","type":"image\/jpeg"}],"twitter_card":"summary_large_image","twitter_misc":{"Dur\u00e9e de lecture estim\u00e9e":"2 minutes"},"schema":{"@context":"https:\/\/schema.org","@graph":[{"@type":"WebPage","@id":"https:\/\/cvlh14.fr\/?page_id=259","url":"https:\/\/cvlh14.fr\/?page_id=259","name":"KAYAK \/ PADDLE - C.V.L.H.","isPartOf":{"@id":"https:\/\/cvlh14.fr\/#website"},"primaryImageOfPage":{"@id":"https:\/\/cvlh14.fr\/?page_id=259#primaryimage"},"image":{"@id":"https:\/\/cvlh14.fr\/?page_id=259#primaryimage"},"thumbnailUrl":"https:\/\/cvlh14.fr\/wp-content\/uploads\/2021\/10\/175958496_3861245200628555_7376481068571189100_n.jpg","datePublished":"2021-05-03T15:29:06+00:00","dateModified":"2025-11-15T10:07:52+00:00","breadcrumb":{"@id":"https:\/\/cvlh14.fr\/?page_id=259#breadcrumb"},"inLanguage":"fr-FR","potentialAction":[{"@type":"ReadAction","target":["https:\/\/cvlh14.fr\/?page_id=259"]}]},{"@type":"ImageObject","inLanguage":"fr-FR","@id":"https:\/\/cvlh14.fr\/?page_id=259#primaryimage","url":"https:\/\/cvlh14.fr\/wp-content\/uploads\/2021\/10\/175958496_3861245200628555_7376481068571189100_n.jpg","contentUrl":"https:\/\/cvlh14.fr\/wp-content\/uploads\/2021\/10\/175958496_3861245200628555_7376481068571189100_n.jpg","width":1944,"height":1458},{"@type":"BreadcrumbList","@id":"https:\/\/cvlh14.fr\/?page_id=259#breadcrumb","itemListElement":[{"@type":"ListItem","position":1,"name":"Accueil","item":"https:\/\/cvlh14.fr\/"},{"@type":"ListItem","position":2,"name":"KAYAK \/ PADDLE"}]},{"@type":"WebSite","@id":"https:\/\/cvlh14.fr\/#website","url":"https:\/\/cvlh14.fr\/","name":"C.V.L.H.","description":"Voile, Char \u00e0 Voile","publisher":{"@id":"https:\/\/cvlh14.fr\/#organization"},"potentialAction":[{"@type":"SearchAction","target":{"@type":"EntryPoint","urlTemplate":"https:\/\/cvlh14.fr\/?s={search_term_string}"},"query-input":{"@type":"PropertyValueSpecification","valueRequired":true,"valueName":"search_term_string"}}],"inLanguage":"fr-FR"},{"@type":"Organization","@id":"https:\/\/cvlh14.fr\/#organization","name":"CLUB DE VOILE ET LOISIRS HERMANVILLE","url":"https:\/\/cvlh14.fr\/","logo":{"@type":"ImageObject","inLanguage":"fr-FR","@id":"https:\/\/cvlh14.fr\/#\/schema\/logo\/image\/","url":"https:\/\/cvlh14.fr\/wp-content\/uploads\/2021\/03\/cropped-cropped-logoNew-1-2.png","contentUrl":"https:\/\/cvlh14.fr\/wp-content\/uploads\/2021\/03\/cropped-cropped-logoNew-1-2.png","width":493,"height":456,"caption":"CLUB DE VOILE ET LOISIRS HERMANVILLE"},"image":{"@id":"https:\/\/cvlh14.fr\/#\/schema\/logo\/image\/"},"sameAs":["https:\/\/www.facebook.com\/Club-de-Voile-et-Loisirs-dHermanville-sur-mer-217503885002723\/","https:\/\/www.instagram.com\/cvlhermanville\/"]}]}},"jetpack_sharing_enabled":true,"_links":{"self":[{"href":"https:\/\/cvlh14.fr\/index.php?rest_route=\/wp\/v2\/pages\/259","targetHints":{"allow":["GET"]}}],"collection":[{"href":"https:\/\/cvlh14.fr\/index.php?rest_route=\/wp\/v2\/pages"}],"about":[{"href":"https:\/\/cvlh14.fr\/index.php?rest_route=\/wp\/v2\/types\/page"}],"author":[{"embeddable":true,"href":"https:\/\/cvlh14.fr\/index.php?rest_route=\/wp\/v2\/users\/1"}],"replies":[{"embeddable":true,"href":"https:\/\/cvlh14.fr\/index.php?rest_route=%2Fwp%2Fv2%2Fcomments&post=259"}],"version-history":[{"count":48,"href":"https:\/\/cvlh14.fr\/index.php?rest_route=\/wp\/v2\/pages\/259\/revisions"}],"predecessor-version":[{"id":1402,"href":"https:\/\/cvlh14.fr\/index.php?rest_route=\/wp\/v2\/pages\/259\/revisions\/1402"}],"wp:featuredmedia":[{"embeddable":true,"href":"https:\/\/cvlh14.fr\/index.php?rest_route=\/wp\/v2\/media\/614"}],"wp:attachment":[{"href":"https:\/\/cvlh14.fr\/index.php?rest_route=%2Fwp%2Fv2%2Fmedia&parent=259"}],"curies":[{"name":"wp","href":"https:\/\/api.w.org\/{rel}","templated":true}]}}